0 - 35058?
-35058
In base 9, what is 8 - -205057?
205066
In base 13, what is -55 + -689?
-711
In base 3, what is 22 + 112222022?
112222121
In base 15, what is -4e3 - -13d?
-3a5
In base 5, what is 210040 + 11?
210101
In base 16, what is -9103 + -1?
-9104
In base 15, what is 23d - -14c?
38a
In base 7, what is -3 - -143413?
143410
In base 8, what is 4 - -45614?
45620
In base 2, what is 1000111101011 - -110001110?
1001101111001
In base 5, what is 20 - 24411033?
-24411013
In base 5, what is 110 - 3140?
-3030
In base 4, what is -1 - -1223220220?
1223220213
In base 7, what is -20641 - 53?
-21024
In base 2, what is 1000011111 + -100010?
111111101
In base 16, what is 3 + -2b9a?
-2b97
In base 6, what is -10 + 3155501?
3155451
In base 12, what is 980 - 32?
94a
In base 6, what is -1041 + 23034?
21553
In base 15, what is -8 - -3b23?
3b1a
In base 14, what is -34b787 + -3?
-34b78a
In base 15, what is 25a6 - 1?
25a5
In base 15, what is 2 + -1aa63?
-1aa61
In base 12, what is 2 + 70777?
70779
In base 10, what is 78 - -55?
133
In base 8, what is -55 - -655?
600
In base 12, what is 14245 + -5?
14240
In base 5, what is -4142202 + -2?
-4142204
In base 5, what is 2310 - 12244?
-4434
In base 13, what is 12 - c87?
-c75
In base 3, what is -111122211220 + 2?
-111122211211
In base 12, what is -106ba + 15?
-106a5
In base 10, what is 23 - -6374?
6397
In base 12, what is 116a + 10?
117a
In base 6, what is -124241405 - -5?
-124241400
In base 5, what is 34 - 314?
-230
In base 10, what is -10 - 587?
-597
In base 16, what is 21081 - 2?
2107f
In base 12, what is -173 - -140?
-33
In base 4, what is 1011 + 120212?
121223
In base 5, what is 134304 - -20?
134324
In base 8, what is 660 + 2440?
3320
In base 13, what is a01 + -2b7?
717
In base 5, what is 20133 - 40?
20043
In base 13, what is 1b6a - -21?
1b8b
In base 12, what is 19 - 3a41?
-3a24
In base 11, what is 5 + -14355?
-14350
In base 2, what is -111111 + 1111110001100?
1111101001101
In base 11, what is 49 + -50714?
-50676
In base 15, what is 3dc54 + 0?
3dc54
In base 14, what is -1bd20 + 7?
-1bd17
In base 2, what is -111011 + -1001001100100?
-1001010011111
In base 15, what is -2 - -5ab5d?
5ab5b
In base 6, what is -13455 - 1043?
-14542
In base 11, what is -7342 - 51?
-7393
In base 16, what is -3 - 8c52?
-8c55
In base 3, what is -12 + 1010100200?
1010100111
In base 5, what is -10131 + -2?
-10133
In base 8, what is -2 - 3205?
-3207
In base 16, what is -7 - -a525?
a51e
In base 2, what is 1000011 + -1000000101010?
-111111100111
In base 10, what is -97502 - 2?
-97504
In base 2, what is -101001001 + -11101?
-101100110
In base 12, what is -4 - 47b38?
-47b40
In base 11, what is -81 - -215?
144
In base 4, what is 212101112 - -2?
212101120
In base 5, what is -13231 + -202?
-13433
In base 11, what is -42661 + -10?
-42671
In base 15, what is 1132 + -1c?
1115
In base 6, what is -5 + 235424?
235415
In base 14, what is -3 - b2434?
-b2437
In base 6, what is -1453544 + 5?
-1453535
In base 2, what is 10101 + 1010110000101101?
1010110001000010
In base 5, what is 334 - -112113?
113002
In base 13, what is -627 + 3b3?
-244
In base 8, what is -111477 - 6?
-111505
In base 16, what is 29 + -18d9?
-18b0
In base 12, what is -146b + 60?
-140b
In base 4, what is -3 - -22320?
22311
In base 3, what is -1121000002020 - 10?
-1121000002100
In base 8, what is -46217 - -11?
-46206
In base 13, what is 0 - 6167?
-6167
In base 3, what is 2221 - 1200?
1021
In base 3, what is 2221 + -1010202001?
-1010122010
In base 5, what is 23441 - 40?
23401
In base 15, what is 311 + -44a?
-139
In base 16, what is -140 + 48b8?
4778
In base 11, what is 4 - 6285?
-6281
In base 13, what is 7414 - 4?
7410
In base 7, what is -40504 - -303?
-40201
In base 14, what is -4 - 143d3?
-143d7
In base 2, what is -10010 - -110100000001101010?
110100000001011000
In base 12, what is 5 - -1347b0?
1347b5
In base 14, what is -2b7a + -13?
-2b8d
In base 2, what is -11 + 1111000110100110?
1111000110100011
In base 11, what is 8 - -966?
973
In base 3, what is -102202221 + 211?
-102202010
In base 9, what is 4 + -4158?
-4154
In base 16, what is -2232 - 2?
-2234
In base 11, what is -84563 + -15?
-84578
In base 3, what is -1 + 101002021?
101002020
In base 13, what is -839a0 + 1?
-8399c
In base 5, what is 2 - -3040003?
3040010
In base 12, what is -1090b29 - -2?
-1090b27
In base 16, what is -14b6d + 0?
-14b6d
In base 11, what is -92 - 1aa2?
-2084
In base 11, what is -25648 - 0?
-25648
In base 16, what is -a + -75af?
-75b9
In base 12, what is -194702 + 1?
-194701
In base 16, what is -2 + -363e?
-3640
In base 13, what is c7 - -18b?
285
In base 3, what is 2 - 121221212?
-121221210
In base 12, what is -57 - 1b05b?
-1b0b6
In base 10, what is -2 - -206446?
206444
In base 12, what is -6 - 17aa41?
-17aa47
In base 10, what is -4 - -7916?
7912
In base 8, what is 1053 - 2404?
-1331
In base 3, what is 222002212 + -12?
222002200
In base 5, what is 0 + 12031424?
12031424
In base 12, what is -1 - 65028?
-65029
In base 2, what is -10010100 - -110111?
-1011101
In base 8, what is -4 + 146616?
146612
In base 12, what is -4 + -15a3?
-15a7
In base 12, what is a0 + 1451?
1531
In base 10, what is -7 + -66949?
-66956
In base 4, what is 131202 - 111?
131031
In base 2, what is 10010 - -1101011111110001?
1101100000000011
In base 10, what is 284 + -766?
-482
In base 2, what is 1010110 - 11100111111?
-11011101001
In base 7, what is 2356444 - -3?
2356450
In base 8, what is -1 - -107775?
107774
In base 9, what is 38627 + -5?
38622
In base 7, what is 613 - 1022?
-106
In base 10, what is 2 - -187557?
187559
In base 5, what is 2030 - 12?
2013
In base 12, what is 67a49 + 6?
67a53
In base 4, what is -330213032 + 1?
-330213031
In base 2, what is 100001011110 - 1010010?
100000001100
In base 4, what is -10 + -1200213201?
-1200213211
In base 9, what is -4128644 - 1?
-4128645
In base 9, what is 2 - -16710?
16712
In base 14, what is -3 - -6227a?
62277
In base 8, what is 27 - 4053?
-4024
In base 4, what is 1020123 - 121?
1020002
In base 3, what is 1220121212 - 0?
1220121212
In base 11, what is 0 - 65099?
-65099
In base 2, what is 1011 + 100011000010001?
100011000011100
In base 14, what is 5 + -1842?
-183b
In base 8, what is -26 - -627013?
626765
In base 12, what is 2 - -25334?
25336
In base 9, what is 4876 - -60?
5046
In base 8, what is -5763 + -52?
-6035
In base 6, what is 21545 - 100?
21445
In base 6, what is -22002 - 1552?
-23554
In base 10, what is -107 - 7013?
-7120
In base 6, what is 2005 + -3413?
-1404
In base 6, what is -3 - -522254?
522251
In base 9, what is 28663 - 4?
28658
In base 14, what is 8 - -1bdbc?
1bdc6
In base 5, what is -43243302 + 0?
-43243302
In base 15, what is 34b8b3 - -1?
34b8b4
In base 16, what is -358c - -5c?
-3530
In base 7, what is -1104 - -5421?
4314
In base 11, what is -153 - 8a19?
-9071
In base 13, what is -a04 - -20?
-9b4
In base 4, what is -1202 + -2221312?
-2223120
In base 8, what is 4 + 1074?
1100
In base 3, what is -10101020 + 1102?
-10022211
In base 10, what is 593275 - -1?
593276
In base 14, what is 18d0 + -1b?
18b3
In base 8, what is 10 + 546465?
546475
In base 3, what is 20102200 - -10?
20102210
In base 15, what is -196 - 506?
-69c
In base 6, what is -123113 + -41?
-123154
In base 16, what is -4af5 + -35?
-4b2a
In base 14, what is 11a - 457?
-33b
In base 3, what is 220222211 + -11?
220222200
In base 2, what is 10011 - -11010011001010001?
11010011001100100
In base 5, what is 30220 + -20?
30200
In base 6, what is 150 + -534?
-344
In base 13, what is -6 + 67b2?
67a9
In base 8, what is -47 - -3202?
3133
In base 13, what is -14c - 478c?
-490b
In base 7, what is -2300235 + 0?
-2300235
In base 2, what is -11100100100 + 1111?
-11100010101
In base 9, what is 14 + -15706?
-15682
In base 2, what is -10111001 - 1000100?
-11111101
In base 5, what is 0 - 2444332?
-2444332
In base 14, what is 5494b - 3?
54948
In base 12, what is -b915 + 5?
-b910
In base 15, what is -12 + -cc?
-de
In base 14, what is -6b65c - 5?
-6b663
In base 12, what is 394bb1 + 0?
394bb1
In base 9, what is 484644 - -3?
484647
In base 14, what is 16 + -2c964?
-2c94c
In base 2, what is -10011 - -1010000110011110?
1010000110001011
In base 16, what is -171f - -4?
-171b
In base 10, what is 23563 + 3?
23566
In base 15, what is -2e05 - 1?
-2e06
In base 3, what is -2